 - 2*x + 1. Let p be a(2). Let g = -54 - p. What is the units digit of g?
1
What is the tens digit of (-7 - -60)/(3 + -2)?
5
Suppose -4*m = 2*d - 28, d - 3*m = 5*d - 66. Let o be d/4 - (-2)/4. Suppose 0 = -o*w - 15 + 70. What is the units digit of w?
1
Suppose 5*v = -4*t + 11, t + v - 6 = 3*v. Suppose -t = -3*l + 4*l. Let s = l - -12. What is the units digit of s?
8
Let b = 120 + -70. What is the tens digit of b?
5
What is the tens digit of (-5)/3*(-4 - -544)/(-4)?
2
Suppose -2*g + 2*v = -5*g + 1, 3*g + 1 = -4*v. Let j be (g + -7)*(-4)/(-3). Let w = j - -11. What is the units digit of w?
3
Let g be 3206/(-56) - 1/(-4). Let o = -23 - g. What is the units digit of o?
4
Let x = -72 - -149. What is the units digit of x?
7
Let s be 0*3/(-6)*-2. Suppose -2*i = -s*i - 28. What is the units digit of i?
4
Let g(h) = -3*h**2 + 2*h**2 - 1 + 0*h**2 - 10*h. Let a be g(-9). Let f = 3 + a. What is the units digit of f?
1
Suppose -3*v - h = h - 1173, 1971 = 5*v - 2*h. What is the tens digit of v?
9
Let x = 7 + -2. Let o(v) = x*v + 3*v - 11*v + 2. What is the units digit of o(-4)?
4
Suppose -3*d = d - 208. What is the tens digit of d?
5
Suppose z = -3*m + 3*z + 72, m - z - 25 = 0. Let n = 41 - m. What is the units digit of n?
9
Suppose -99 - 81 = -2*f. What is the tens digit of f?
9
Let u be (6 - 0) + -7 + 4. Suppose -x = u*v - 10, -2*x - 10 = -5*x + v. What is the units digit of x?
4
Let k = 31 - 0. What is the tens digit of k?
3
Suppose -3*u - 2*u = 0. Suppose -5*i - 2*b + 4 = u, -i - 6 = -4*b - 20. Suppose 4*t = -3*n + 3*t + 40, -5*n = i*t - 67. What is the units digit of n?
3
Let v = 77 - 44. Let q = v - 16. What is the units digit of q?
7
Suppose v = 4*u - 15, u = -0*u + 2*v + 9. Suppose 4*f = 7 - u. What is the units digit of f?
1
Suppose 0 = -3*c + c + 2. Let m = 2 - c. What is the units digit of m?
1
Let f = 10 - 8. Suppose -f*d + d = 2*m - 37, 4*d - 4 = m. What is the tens digit of m?
1
Let w be ((-70)/4)/(1/(-2)). Suppose x + 4*l + 15 = 0, -w = -4*x - l + 4*l. What is the units digit of x?
5
Suppose 0 = 5*x - 4*c - 141, 5*x = -0*c - 5*c + 150. Suppose 3*a = 6, 4*a - x = -z - 2*z. What is the units digit of 60/14 + (-2)/z?
4
Let f(z) = -9*z - 13. What is the units digit of f(-5)?
2
Let n = 17 - 14. Suppose -5*x = n*c - 101, -7*c + 4*x + 156 = -2*c. What is the tens digit of c?
3
Suppose 5*w - 4*s = 235, 2*s + 160 - 21 = 3*w. Let x = w + -11. Suppose -x = -3*m - m. What is the units digit of m?
8
What is the units digit of 4266/63 + (12/(-14))/(-3)?
8
Let k(p) = p**2 + 8*p - 13. Let v(h) = -1. Let l(a) = k(a) - 4*v(a). Let u be l(-9). Suppose -3*r + 6*r - 15 = u. What is the units digit of r?
5
Let w = 73 - 57. What is the units digit of w?
6
What is the units digit of ((-1)/3)/(5/(-405))?
7
Suppose w + x - 314 = -116, -4*w = 5*x - 797. What is the tens digit of w?
9
Suppose -4*b - b + 2*r + 677 = 0, -r = -2*b + 270. What is the tens digit of b?
3
Let u(d) = -d**3 + 3*d**2 + 4. Let j be u(3). Suppose -j*s + 30 = s. What is the units digit of s?
6
Suppose -4*b + 20 = -5*n, 8 = 2*b - 3*b - 2*n. What is the units digit of b - 0 - (-5)/5?
1
Suppose 4*o + 20 = 5*m + 5, 5*o + 5*m = 15. Suppose o*d - 12 = -d. Suppose -5*x = -g - 84, -5*x + 98 = g + d. What is the units digit of x?
7
Let z(d) = -d + 2. Let n be z(-2). What is the units digit of 31 - 12/(0 - n)?
4
Let i(s) = -s**3 + 6*s**2 + 5. Let u be i(6). Let w be (-22)/(-8) + u/20. Suppose 0*p = w*k - 5*p + 4, 4*k + 2*p = 38. What is the units digit of k?
7
Suppose -2*m + 9 = m. Suppose -2*x + m*x - 6 = 0. What is the units digit of x/(-4)*(-40)/6?
0
Let n = 43 + -31. What is the units digit of ((-10)/3)/((-8)/n)?
5
Suppose -2*v = -q - 6, -q - 4*v = -13 - 5. Suppose -3*m - 3*t + 21 = 0, 4*m - q*t + 4*t = 28. What is the units digit of m?
7
What is the units digit of 5/((-15)/(-9)) + 23?
6
Let h = 11 + -7. What is the tens digit of (-284)/(-14) - h/14?
2
Let r be (-4)/((-3)/(54/(-4))). What is the tens digit of ((-56)/(-6))/((-12)/r)?
1
Let n be 8/(-6) + (-2)/(-6). Let j be 1/((-26)/14 - -2). Let x = j + n. What is the units digit of x?
6
Let w = 8 + -5. Suppose 33 = 2*y + w*l, 3*y - 4*y + l = -4. What is the units digit of y?
9
Suppose 25 = 5*p + 2*z, -z + 10 = 4*p - 2*p. Suppose -p - 10 = 5*s, 5*j - 207 = 4*s. What is the units digit of j?
9
Suppose -5*g - 10 + 35 = 0. Suppose 0 = g*h + 4*y - 163, h - 2*y = -2*h + 89. What is the units digit of h?
1
Suppose m = 5*m - 16. Suppose 3*g + 4 = -m*b - 0*b, 0 = -3*g - 12. Suppose 1 = -3*v - 8, -v - 13 = -b*r. What is the units digit of r?
5
Suppose -2*b + 26 = 2*r, -3*b + 3*r = 2*r - 35. What is the units digit of b?
2
Let g(d) = 2*d**2 - 11*d + 12. Let b be g(8). Let c = b - 37. What is the tens digit of c?
1
Let x(l) = l**3 - 5*l**2 - 8*l + 7. Let u be x(6). What is the tens digit of (-2)/u - 156/(-10)?
1
Let g(w) = w - 4. Let c be g(9). Suppose -c*f - 2*p + 21 = 1, p = 0. Suppose 3*q = -4*r + 25 + 29, -f*r + 50 = q. What is the units digit of r?
2
Suppose 0 = 5*c - 42 - 68. What is the units digit of c?
2
Let w = -45 - -72. Suppose -s - 11 = 5*p - 47, 0 = 2*s + p - w. What is the units digit of s?
1
Let m = -5 - -6. Let f = m - -5. What is the units digit of f/(-4) + 25/10?
1
Let y be 50/4*(-4)/5. Let x(u) = -u**2 - 8*u + 10. Let h be x(y). What is the units digit of (-5)/h - (-2)/4?
1
Let k = 3 + 3. What is the units digit of k?
6
Let y = -72 - -92. What is the tens digit of y?
2
Suppose 20 = 5*v - 30. Let s be (32/6 + -1)*-3. What is the tens digit of (v + -8)/((-2)/s)?
1
Suppose -l - 700 = -6*l + 5*g, -380 = -3*l - 5*g. What is the units digit of l?
5
Let x(d) = 8*d + 4 + 0*d**2 + 12 - 10 - d**2. What is the units digit of x(7)?
3
Let u(g) be the first derivative of g**4/4 - 2*g**3 + 5*g**2/2 + 2. Let n be u(5). Suppose -m - m + 4 = n. What is the units digit of m?
2
What is the units digit of -13*(0 - 4)/4?
3
Let z = 98 + -58. Suppose z = 4*a - 80. What is the tens digit of a?
3
Suppose 185 = 5*a + 3*t, -7*a + 2*a = 2*t - 185. Suppose a = 5*d - 23. What is the units digit of d?
2
Let q be (12/5)/((-15)/(-50)). What is the units digit of q*((-1 - -1) + 1)?
8
What is the tens digit of 4/14 + ((-5192)/14)/(-4)?
9
Let b = 85 + -51. What is the units digit of b?
4
Let w = 151 + -100. What is the units digit of w?
1
Suppose -5*c = -l - 18, -10 = l - 6*l. Suppose -3*z = c*v - 41, 3*z - z - 5*v = -11. Suppose -b = d - 12, 5*b = 3*d - z + 83. What is the tens digit of b?
1
Let n = -9 - -15. Let i = -3 + n. Suppose -i = -5*h + 7. What is the units digit of h?
2
Suppose 3*b - 2*b = 6. Suppose 2*t = -t + b. Suppose t*w - 27 = -1. What is the units digit of w?
3
What is the units digit of -1*(-4*2 - -1)?
7
Let j(x) be the third derivative of x**5/60 + 11*x**4/24 - x**3/2 + x**2. Let o be j(-5). Let y = -23 - o. What is the tens digit of y?
1
Let r(n) = -20*n + 3. Let d(g) = 221*g - 34. Let x(i) = -3*d(i) - 34*r(i). Let f = 3 - 2. What is the tens digit of x(f)?
1
Let m(f) = f**3 + 8*f**2 + 4*f - 2. What is the units digit of m(-7)?
9
Suppose -26 = -4*v - 0*b - 5*b, -3*v + 18 = 3*b. Suppose -q - v*q = -10. Let c = 14 - q. What is the tens digit of c?
1
Let a(l) = 6*l**2 + l + 2. What is the tens digit of a(2)?
2
Suppose 129 - 65 = 2*p. What is the tens digit of p?
3
What is the units digit of ((-28)/(-10))/((-5)/(-75))?
2
Let p = -46 + 102. Suppose -p = -3*w + 7. What is the units digit of w?
1
Suppose -3*v = -3*q + 3, -3*v - 4*q + 13 = -5. Suppose -v*j + 22 = 4. Let c = j + 0. What is the units digit of c?
9
What is the units digit of 27 + (-3 - 1 - -1)?
4
Suppose -2*d + 5*j = -258, 0*j = 5*d - 5*j - 630. What is the hundreds digit of d?
1
Let o(g) = -16*g - 8. What is the tens digit of o(-4)?
5
Let y = 199 + -136. Suppose 3*w = 186 - y. What is the tens digit of w?
4
Let m(a) = -a**3 + 4*a**2 + 5. Let f be m(5). Let g be 5/f - 49/(-4). Suppose 0 = 4*d + c - 8 - g, -2*d = -3*c + 4. What is the units digit of d?
4
What is the tens digit of (-594)/264*(-52 + 0/(-1))?
1
Suppose 12 = 6*f - 3*f. Suppose -q = 4*y - 4*q - 39, -f*y + q = -45. What is the units digit of y?
2
Let u = -1 + 1. Let d = u - -9. What is the units digit of d?
9
Let j(a) = -6 + 2 - 3*a + 3. What is the units digit of j(-3)?
8
Let j(i) = 4*i + 5. Let v be j(6). Let a = v + -19. What is the units d